*q**3. Is i(t) composite?
False
Is (21/(-9) - -2)/(3/(-60381)) composite?
False
Suppose 0 = 126*h - 3497228 + 1435742. Is h composite?
False
Let v = 4917 - 1348. Suppose -4*w - v = -5*u, 3*u + 5*w = -u + 2847. Is u a prime number?
False
Suppose 40 = -4*k + 14*k. Let a(p) be the third derivative of 5*p**4/4 - p**3/6 - p**2. Is a(k) a composite number?
True
Let s = 1401 + 4108. Is s composite?
True
Let y(q) = q**2 - 5*q + 4. Let o be y(4). Suppose 6*s = -o*s + 30. Let k(j) = 27*j - 8. Is k(s) composite?
False
Suppose -2*g + 94 = 68. Let r(j) = -j**2 + 5*j. Let t be r(5). Suppose 3*i - g - 236 = t. Is i a prime number?
True
Suppose -2*p - 4*h = -7*p + 30, 5*p + h = 30. Suppose 15219 = p*x + 3*x. Is x a prime number?
False
Is 33290/6*(6 + (-3)/1) prime?
False
Suppose g + 4 = -17. Let m = g + 233. Is (-5)/2*m/(-10) a composite number?
False
Suppose 0*j = -2*j + 8, -3*j + 20 = 4*i. Suppose -i*w - 4*w = -8466. Is w prime?
False
Suppose -m + 4*m - 2*j = -670, 0 = -5*m + j - 1105. Let p = 921 - 464. Let g = p + m. Is g composite?
True
Let q(s) = -s**3 - 44*s**2 + 6*s - 157. Is q(-46) a prime number?
False
Let m be 4/(-12)*1*-1641. Suppose -132 = -3*j - 5*s + m, -s + 5 = 0. Suppose l + 3*d - j = -62, -l = d - 158. Is l composite?
True
Is ((-8622)/(-72))/(2/8) a prime number?
True
Is 0*(15/(-10) - -1) - -29851 composite?
False
Suppose 0 = -5*u + 244 + 461. Let t = u + -14. Suppose 0 = 5*m - t - 43. Is m a composite number?
True
Let i(v) = 3*v + 4. Suppose -2*s - 2*h = -24, 5*s + 5*h = h + 59. Is i(s) composite?
False
Suppose -i + 2*k = -544, -3*i - k = -2*k - 1637. Is i + 4 - (0 - 4) a prime number?
False
Suppose -3*j - 5*b = -0*b, -j - 4*b = 0. Let i = 2 + j. Suppose -i*g - 228 = -6*g. Is g prime?
False
Let n be -9 + 10 + (1 - (8 + -1)). Is 1*(-790)/25*n prime?
False
Let m(q) = q - 8. Suppose -4*w + 41 = -3. Let x be m(w). Is (-15 - -4)/(x/(-6)) a composite number?
True
Suppose 11*l + 34*l = 1226565. Is l prime?
False
Let b(q) = q**3 + 26*q**2 + 31*q - 34. Let r be b(-25). Let k = r + 929. Is k a prime number?
False
Suppose 13541 = 13*j - 10002. Is j composite?
False
Let y = 14920 + -9597. Is y prime?
True
Suppose -4*i + 5 + 39 = -4*b, 0 = -2*b - 2. Suppose -i*w = -12*w + 890. Is w a prime number?
False
Let r be 108/(-8)*4/(-6). Let w be ((-15)/r)/((-1)/3). Suppose -2*h = w*b - 0*h - 255, 3*b - 3*h = 153. Is b prime?
False
Suppose 2*p = 4*p - 4*b - 6, -3*b = -3*p + 12. Let a(f) = -p + 3*f**2 - 3*f - 3*f**2 - f**2 - 9*f**3 + 4*f. Is a(-4) prime?
False
Let i(w) = 31*w - 49. Let j be i(12). Is (-63)/(-14)*(1 - j/(-3)) composite?
True
Suppose 2*u + 0*h - 3650 = -4*h, 2*h - 9117 = -5*u. Is u a prime number?
True
Let w be (4 - 2) + (-21)/(-7). Suppose q - 1589 = -2*z, 3*q - 5449 = -w*z - 1479. Is z prime?
True
Let w(i) = -i**2 + 12*i - 8. Let f be w(11). Suppose 2*z = -5*d + 13, -11 = -5*z - f*d + 31. Let n(l) = l**2 + 2*l + 10. Is n(z) prime?
True
Suppose 5*g - 2*o = -57, -3*g + o - 3*o = 31. Let d(q) = -q**3 - 11*q**2 + 8. Let a be d(g). Suppose 0 = -4*t + a*t - 444. Is t a composite number?
True
Suppose -9*l - 3349 = 4*r - 52854, 0 = 5*l - 4*r - 27509. Is l prime?
True
Let o be (-5)/(-25) - 76/(-20). Suppose 3 = -5*s + o*p + 2, 5*s - p = 11. Suppose s*n + 12 = -n, 64 = x + n. Is x a composite number?
False
Let c = -18 - -2. Let p be 20*(3 + (-1156)/c). Let l = -864 + p. Is l a composite number?
False
Let c(q) = -113*q**3 + q**2 + 2*q + 5. Is c(-6) a prime number?
False
Let j(q) = q**2 - 5*q - 9. Let n be j(7). Suppose 0*w + 3*w - 5*t = 184, -n*w + 3*t + 296 = 0. Is w a composite number?
True
Is (-133)/(-35)*(1 - 0 - -1114) composite?
True
Let t(g) = g**2 - 5*g. Let w be t(4). Let m be (-1594)/(-3)*(-6)/w. Let k = m - 546. Is k prime?
True
Let b(j) = -15*j**3 + 4*j**2 + 3*j + 1. Let k = 20 + -22. Is b(k) a prime number?
True
Suppose 2*m = 3*b + 103 - 2865, 4*b + 2*m - 3664 = 0. Let k = -474 - 13. Let l = b + k. Is l a composite number?
False
Suppose 0 = 2*s - 3*s + 190. Suppose 4*o + 383 = -3*k, 0 = k - 5*o + 152 - 37. Let t = k + s. Is t a composite number?
True
Suppose 1594 + 2515 = 7*g. Is g a composite number?
False
Suppose 5*u = y + 4*y - 5, 4*u - 28 = -4*y. Is (830/15)/(1/u) composite?
True
Let i = -152 + -150. Let g = i - -447. Is g composite?
True
Let j = -53 - -49. Is ((-894)/j)/(1/2) a composite number?
True
Let g(n) = -12 - n**3 + 9 + 11*n**2 - n - 6*n. Is g(8) prime?
False
Is (28 - -9)*4684/(1 + 3) a prime number?
False
Let n(i) = 2*i + 27 - 10 - 16 + 163*i. Is n(2) a composite number?
False
Suppose -3*m = -8*m + 3695. Is m prime?
True
Let b = -22 - -20. Let g be (-208)/(-1) - 1 - b. Let v = 368 - g. Is v composite?
True
Let t(m) = 6*m**2 + 11 - 3*m + 0 - 6. Is t(6) a composite number?
True
Suppose -2*h - 5*y = -25, -h - 5*y + 8 = -y. Suppose -15*z - 12895 = -h*z. Is z composite?
False
Let k(y) = -y**3 - 9*y**2 + y + 9. Let q be k(-9). Suppose -3*o + q*o = -216. Suppose -3*g + o = -45. Is g a prime number?
False
Suppose g + 5*f = 3*f + 12937, -5*g - 2*f + 64701 = 0. Is g a prime number?
True
Is 1282 - -73 - (3*-2 - 0) composite?
False
Suppose -4*c + 497 = p, -2*p + 493 = -p + 3*c. Is p composite?
True
Is (10/5)/1 + (2 - -7825) a prime number?
True
Suppose -336*q = -322*q - 1145242. Is q composite?
True
Suppose -2*d = 4*p - p - 1978, -2*d = 4*p - 2640. Is p a prime number?
False
Let z(m) be the third derivative of m**5/20 + m**4/8 + m**3/6 - 24*m**2. Suppose 0 = -3*x + 2*q - 41, 5*q = -2*x - x - 13. Is z(x) composite?
False
Let h(o) = 325*o**2 - 19*o - 43. Is h(-3) prime?
True
Suppose -s + 5*s = 16. Suppose 3*n = s*n. Suppose n = -14*y + 12*y + 1490. Is y a composite number?
True
Let r(g) = 5*g**2 + 37*g + 77. Is r(31) a composite number?
False
Let g = -12 + 15. Suppose 0*c - 3*j = g*c - 123, 4*j = 5*c - 223. Is c prime?
True
Let j be 6*(-2 + (-5)/(-2)). Is ((-2)/(-6))/(j/666) a composite number?
True
Suppose -49*a = -73*a + 259704. Is a composite?
True
Let n(p) = 76093*p**2 - 8*p - 10. Is n(-1) a composite number?
False
Let w(r) = -r**3 + 9*r**2 - r + 6. Let j be w(9). Let a(x) = x**2 + 3*x + 4. Let f be a(j). Suppose -5*s = f*l - 1326, 8 = 5*s - s. Is l a composite number?
True
Suppose 6158 = 2*q + 3*h, -2*q + 5116 = -h - 1026. Is q composite?
True
Suppose -2*v = 7*v - 1566. Suppose -w = -m - v, 0 = w + 2*m + m - 194. Is w a composite number?
False
Suppose -2*k + 53 = b - 0*b, 3*k - b = 72. Suppose 2*c - k = -3*c. Suppose c*w - 45 = -4*r, -5*r = -r - 5*w - 35. Is r composite?
True
Let d = -100 + 557. Is d a composite number?
False
Is (2 + (-1523)/5)*(-1 - 4) a composite number?
True
Let h = -521 + 1185. Let k = h + -255. Is k composite?
False
Let t(r) = 2*r**3 + 4*r**2 + 3*r + 11791. Is t(0) a composite number?
True
Let g be 1/2 - 16/(-32). Suppose 1 + g = r. Is ((-2)/2 - r) + 490 a prime number?
True
Let w be 7/(28/(-8)) + 16. Let q(z) = -z**2 + 29*z + 1. Is q(w) composite?
False
Suppose -5*p - 2230 = -9050. Suppose p = 2*z - v, -2*v = -5*z + 2606 + 803. Let l = z + -472. Is l prime?
False
Suppose 2 = -6*v - 16. Let n be (-6)/(-3) + (413 - v). Let j = 747 - n. Is j a prime number?
False
Let x = 118727 + 2900. Is x composite?
True
Suppose 0 = -10*g + 32 - 2. Suppose -2*a - 3101 = -3*o + 2962, 3*o - 6066 = g*a. Is o a composite number?
True
Suppose 5*w - 2 = -r, 2*r - 4*r = -2*w + 20. Is 258/4 - 4/r prime?
False
Let b = 8780 - 5727. Suppose -v - 3*g - b = -5*v, 0 = -5*v + 3*g + 3820. Is v a composite number?
True
Let i(c) be the second derivative of -c**5/20 + 7*c**4/12 + c**3 + 5*c**2/2 + c - 34. Let j = -5 + 11. Is i(j) a prime number?
False
Let k(v) = 3*v + 3. Let b be k(6). Let y be (48 - b)/(3/8). Let p = y - -154. Is p prime?
False
Suppose 0*d + 12 = -4*d, 4*d = -5*x + 11843. Is x composite?
False
Suppose 8*w = 3*w - 5. Is w*(-1052 + -3)/5 a composite number?
False
Let v(d) = 1729*d - 110. Is v(3) prime?
True
Let j be 28/(-6) + 58/87. Is ((-4868)/(-8))/((-2)/j) composite?
False
Let b = 5663 - -2856. Let l = -5814 + b. Is l a prime number?
False
Let g = 16677 - 2896. Is g a prime number?
True
Let z be (0 + -1)*(0 - (1 + -1)). Suppose -4*t + t + 2049 = z. Is t a composite number?
False
Let u(i) = 2*i**3 + 43*i**2 - 19*i - 37. Let d be u(-19). Let s = d - -806. Is s composite?
True
Suppose 0 = 5*g - 2*g - 66. Let h = -19 + g. Suppose 576